
{"id":2354,"date":"2017-01-06T09:42:46","date_gmt":"2017-01-06T08:42:46","guid":{"rendered":"http:\/\/lerevedeja.cluster020.hosting.ovh.net\/wp-content\/uploads\/2016\/12\/Tarif-Le-R\u00eave-dElise-2018-FR-OK-1.jpg"},"modified":"2017-01-06T09:42:46","modified_gmt":"2017-01-06T08:42:46","slug":"tarif-le-reve-delise-2018-fr-ok-1","status":"inherit","type":"attachment","link":"https:\/\/www.lerevedelise.be\/en\/pricing\/tarif-le-reve-delise-2018-fr-ok-1\/","title":{"rendered":"Tarif-Le-R\u00eave-d&#8217;Elise-2018-FR-OK-1"},"author":1,"featured_media":0,"comment_status":"closed","ping_status":"closed","template":"","meta":[],"class_list":["post-2354","attachment","type-attachment","status-inherit","hentry"],"yoast_head":"<!-- This site is optimized with the Yoast SEO plugin v27.3 - https:\/\/yoast.com\/product\/yoast-seo-wordpress\/ -->\n<title>Tarif-Le-R\u00eave-d&#039;Elise-2018-FR-OK-1 - Le R\u00eave d&#039;\u00c9lise<\/title>\n<meta name=\"robots\" content=\"index, follow, max-snippet:-1, max-image-preview:large, max-video-preview:-1\" \/>\n<link rel=\"canonical\" href=\"https:\/\/www.lerevedelise.be\/wp-content\/uploads\/2016\/12\/Tarif-Le-R\u00eave-dElise-2018-FR-OK-1.jpg\" \/>\n<meta property=\"og:locale\" content=\"en_US\" \/>\n<meta property=\"og:type\" content=\"article\" \/>\n<meta property=\"og:title\" content=\"Tarif-Le-R\u00eave-d&#039;Elise-2018-FR-OK-1 - Le R\u00eave d&#039;\u00c9lise\" \/>\n<meta property=\"og:url\" content=\"https:\/\/www.lerevedelise.be\/wp-content\/uploads\/2016\/12\/Tarif-Le-R\u00eave-dElise-2018-FR-OK-1.jpg\" \/>\n<meta property=\"og:site_name\" content=\"Le R\u00eave d&#039;\u00c9lise\" \/>\n<meta property=\"article:publisher\" content=\"https:\/\/www.facebook.com\/LeReveDElise\/\" \/>\n<meta property=\"og:image\" content=\"https:\/\/www.lerevedelise.be\/wp-content\/uploads\/2016\/12\/Tarif-Le-R\u00eave-dElise-2018-FR-OK-1.jpg\" \/>\n\t<meta property=\"og:image:width\" content=\"424\" \/>\n\t<meta property=\"og:image:height\" content=\"600\" \/>\n\t<meta property=\"og:image:type\" content=\"image\/jpeg\" \/>\n<meta name=\"twitter:card\" content=\"summary_large_image\" \/>\n<script type=\"application\/ld+json\" class=\"yoast-schema-graph\">{\"@context\":\"https:\\\/\\\/schema.org\",\"@graph\":[{\"@type\":\"WebPage\",\"@id\":\"https:\\\/\\\/www.lerevedelise.be\\\/wp-content\\\/uploads\\\/2016\\\/12\\\/Tarif-Le-R\u00eave-dElise-2018-FR-OK-1.jpg\",\"url\":\"https:\\\/\\\/www.lerevedelise.be\\\/wp-content\\\/uploads\\\/2016\\\/12\\\/Tarif-Le-R\u00eave-dElise-2018-FR-OK-1.jpg\",\"name\":\"Tarif-Le-R\u00eave-d'Elise-2018-FR-OK-1 - Le R\u00eave d&#039;\u00c9lise\",\"isPartOf\":{\"@id\":\"https:\\\/\\\/www.lerevedelise.be\\\/#website\"},\"datePublished\":\"2017-01-06T08:42:46+00:00\",\"breadcrumb\":{\"@id\":\"https:\\\/\\\/www.lerevedelise.be\\\/wp-content\\\/uploads\\\/2016\\\/12\\\/Tarif-Le-R\u00eave-dElise-2018-FR-OK-1.jpg#breadcrumb\"},\"inLanguage\":\"en-US\",\"potentialAction\":[{\"@type\":\"ReadAction\",\"target\":[\"https:\\\/\\\/www.lerevedelise.be\\\/wp-content\\\/uploads\\\/2016\\\/12\\\/Tarif-Le-R\u00eave-dElise-2018-FR-OK-1.jpg\"]}]},{\"@type\":\"BreadcrumbList\",\"@id\":\"https:\\\/\\\/www.lerevedelise.be\\\/wp-content\\\/uploads\\\/2016\\\/12\\\/Tarif-Le-R\u00eave-dElise-2018-FR-OK-1.jpg#breadcrumb\",\"itemListElement\":[{\"@type\":\"ListItem\",\"position\":1,\"name\":\"Accueil\",\"item\":\"https:\\\/\\\/www.lerevedelise.be\\\/en\\\/\"},{\"@type\":\"ListItem\",\"position\":2,\"name\":\"Pricing\",\"item\":\"https:\\\/\\\/www.lerevedelise.be\\\/en\\\/pricing\\\/\"},{\"@type\":\"ListItem\",\"position\":3,\"name\":\"Tarif-Le-R\u00eave-d&rsquo;Elise-2018-FR-OK-1\"}]},{\"@type\":\"WebSite\",\"@id\":\"https:\\\/\\\/www.lerevedelise.be\\\/#website\",\"url\":\"https:\\\/\\\/www.lerevedelise.be\\\/\",\"name\":\"Le R\u00eave d&#039;\u00c9lise\",\"description\":\"Maison de vacances en Ardennes pour 10 \u00e0 12 personnes\",\"potentialAction\":[{\"@type\":\"SearchAction\",\"target\":{\"@type\":\"EntryPoint\",\"urlTemplate\":\"https:\\\/\\\/www.lerevedelise.be\\\/?s={search_term_string}\"},\"query-input\":{\"@type\":\"PropertyValueSpecification\",\"valueRequired\":true,\"valueName\":\"search_term_string\"}}],\"inLanguage\":\"en-US\"}]}<\/script>\n<!-- \/ Yoast SEO plugin. -->","yoast_head_json":{"title":"Tarif-Le-R\u00eave-d'Elise-2018-FR-OK-1 - Le R\u00eave d&#039;\u00c9lise","robots":{"index":"index","follow":"follow","max-snippet":"max-snippet:-1","max-image-preview":"max-image-preview:large","max-video-preview":"max-video-preview:-1"},"canonical":"https:\/\/www.lerevedelise.be\/wp-content\/uploads\/2016\/12\/Tarif-Le-R\u00eave-dElise-2018-FR-OK-1.jpg","og_locale":"en_US","og_type":"article","og_title":"Tarif-Le-R\u00eave-d'Elise-2018-FR-OK-1 - Le R\u00eave d&#039;\u00c9lise","og_url":"https:\/\/www.lerevedelise.be\/wp-content\/uploads\/2016\/12\/Tarif-Le-R\u00eave-dElise-2018-FR-OK-1.jpg","og_site_name":"Le R\u00eave d&#039;\u00c9lise","article_publisher":"https:\/\/www.facebook.com\/LeReveDElise\/","og_image":[{"width":424,"height":600,"url":"https:\/\/www.lerevedelise.be\/wp-content\/uploads\/2016\/12\/Tarif-Le-R\u00eave-dElise-2018-FR-OK-1.jpg","type":"image\/jpeg"}],"twitter_card":"summary_large_image","schema":{"@context":"https:\/\/schema.org","@graph":[{"@type":"WebPage","@id":"https:\/\/www.lerevedelise.be\/wp-content\/uploads\/2016\/12\/Tarif-Le-R\u00eave-dElise-2018-FR-OK-1.jpg","url":"https:\/\/www.lerevedelise.be\/wp-content\/uploads\/2016\/12\/Tarif-Le-R\u00eave-dElise-2018-FR-OK-1.jpg","name":"Tarif-Le-R\u00eave-d'Elise-2018-FR-OK-1 - Le R\u00eave d&#039;\u00c9lise","isPartOf":{"@id":"https:\/\/www.lerevedelise.be\/#website"},"datePublished":"2017-01-06T08:42:46+00:00","breadcrumb":{"@id":"https:\/\/www.lerevedelise.be\/wp-content\/uploads\/2016\/12\/Tarif-Le-R\u00eave-dElise-2018-FR-OK-1.jpg#breadcrumb"},"inLanguage":"en-US","potentialAction":[{"@type":"ReadAction","target":["https:\/\/www.lerevedelise.be\/wp-content\/uploads\/2016\/12\/Tarif-Le-R\u00eave-dElise-2018-FR-OK-1.jpg"]}]},{"@type":"BreadcrumbList","@id":"https:\/\/www.lerevedelise.be\/wp-content\/uploads\/2016\/12\/Tarif-Le-R\u00eave-dElise-2018-FR-OK-1.jpg#breadcrumb","itemListElement":[{"@type":"ListItem","position":1,"name":"Accueil","item":"https:\/\/www.lerevedelise.be\/en\/"},{"@type":"ListItem","position":2,"name":"Pricing","item":"https:\/\/www.lerevedelise.be\/en\/pricing\/"},{"@type":"ListItem","position":3,"name":"Tarif-Le-R\u00eave-d&rsquo;Elise-2018-FR-OK-1"}]},{"@type":"WebSite","@id":"https:\/\/www.lerevedelise.be\/#website","url":"https:\/\/www.lerevedelise.be\/","name":"Le R\u00eave d&#039;\u00c9lise","description":"Maison de vacances en Ardennes pour 10 \u00e0 12 personnes","potentialAction":[{"@type":"SearchAction","target":{"@type":"EntryPoint","urlTemplate":"https:\/\/www.lerevedelise.be\/?s={search_term_string}"},"query-input":{"@type":"PropertyValueSpecification","valueRequired":true,"valueName":"search_term_string"}}],"inLanguage":"en-US"}]}},"description":{"rendered":"<a data-toggle=\"lightbox\" data-gallery=\"multiimages\" data-title=\"\"  class=\"thumbnail img-thumbnail\" href='https:\/\/www.lerevedelise.be\/wp-content\/uploads\/2016\/12\/Tarif-Le-R\u00eave-dElise-2018-FR-OK-1.jpg'><img loading=\"lazy\" decoding=\"async\" width=\"424\" height=\"600\" src=\"https:\/\/www.lerevedelise.be\/wp-content\/uploads\/2016\/12\/Tarif-Le-R\u00eave-dElise-2018-FR-OK-1.jpg\" class=\"attachment-themo_full_width size-themo_full_width\" alt=\"\" srcset=\"https:\/\/www.lerevedelise.be\/wp-content\/uploads\/2016\/12\/Tarif-Le-R\u00eave-dElise-2018-FR-OK-1.jpg 424w, https:\/\/www.lerevedelise.be\/wp-content\/uploads\/2016\/12\/Tarif-Le-R\u00eave-dElise-2018-FR-OK-1-212x300.jpg 212w, https:\/\/www.lerevedelise.be\/wp-content\/uploads\/2016\/12\/Tarif-Le-R\u00eave-dElise-2018-FR-OK-1-113x160.jpg 113w, https:\/\/www.lerevedelise.be\/wp-content\/uploads\/2016\/12\/Tarif-Le-R\u00eave-dElise-2018-FR-OK-1-255x361.jpg 255w, https:\/\/www.lerevedelise.be\/wp-content\/uploads\/2016\/12\/Tarif-Le-R\u00eave-dElise-2018-FR-OK-1-57x80.jpg 57w, https:\/\/www.lerevedelise.be\/wp-content\/uploads\/2016\/12\/Tarif-Le-R\u00eave-dElise-2018-FR-OK-1-28x40.jpg 28w, https:\/\/www.lerevedelise.be\/wp-content\/uploads\/2016\/12\/Tarif-Le-R\u00eave-dElise-2018-FR-OK-1-360x509.jpg 360w\" sizes=\"auto, (max-width: 424px) 100vw, 424px\" \/><\/a>\n"},"caption":{"rendered":""},"alt_text":"","media_type":"image","mime_type":"image\/jpeg","media_details":{"width":424,"height":600,"file":"2016\/12\/Tarif-Le-R\u00eave-dElise-2018-FR-OK-1.jpg","sizes":{"thumbnail":{"file":"Tarif-Le-R\u00eave-dElise-2018-FR-OK-1-150x150.jpg","width":150,"height":150,"mime_type":"image\/jpeg","source_url":"https:\/\/www.lerevedelise.be\/wp-content\/uploads\/2016\/12\/Tarif-Le-R\u00eave-dElise-2018-FR-OK-1-150x150.jpg"},"medium":{"file":"Tarif-Le-R\u00eave-dElise-2018-FR-OK-1-212x300.jpg","width":212,"height":300,"mime_type":"image\/jpeg","source_url":"https:\/\/www.lerevedelise.be\/wp-content\/uploads\/2016\/12\/Tarif-Le-R\u00eave-dElise-2018-FR-OK-1-212x300.jpg"},"themo-logo":{"file":"Tarif-Le-R\u00eave-dElise-2018-FR-OK-1-113x160.jpg","width":113,"height":160,"mime_type":"image\/jpeg","source_url":"https:\/\/www.lerevedelise.be\/wp-content\/uploads\/2016\/12\/Tarif-Le-R\u00eave-dElise-2018-FR-OK-1-113x160.jpg"},"themo_thumb_slider":{"file":"Tarif-Le-R\u00eave-dElise-2018-FR-OK-1-255x170.jpg","width":255,"height":170,"mime_type":"image\/jpeg","source_url":"https:\/\/www.lerevedelise.be\/wp-content\/uploads\/2016\/12\/Tarif-Le-R\u00eave-dElise-2018-FR-OK-1-255x170.jpg"},"themo_thumb_slider_portrait":{"file":"Tarif-Le-R\u00eave-dElise-2018-FR-OK-1-255x361.jpg","width":255,"height":361,"mime_type":"image\/jpeg","source_url":"https:\/\/www.lerevedelise.be\/wp-content\/uploads\/2016\/12\/Tarif-Le-R\u00eave-dElise-2018-FR-OK-1-255x361.jpg"},"themo_brands":{"file":"Tarif-Le-R\u00eave-dElise-2018-FR-OK-1-57x80.jpg","width":57,"height":80,"mime_type":"image\/jpeg","source_url":"https:\/\/www.lerevedelise.be\/wp-content\/uploads\/2016\/12\/Tarif-Le-R\u00eave-dElise-2018-FR-OK-1-57x80.jpg"},"themo_mini_brands":{"file":"Tarif-Le-R\u00eave-dElise-2018-FR-OK-1-28x40.jpg","width":28,"height":40,"mime_type":"image\/jpeg","source_url":"https:\/\/www.lerevedelise.be\/wp-content\/uploads\/2016\/12\/Tarif-Le-R\u00eave-dElise-2018-FR-OK-1-28x40.jpg"},"themo_testimonials":{"file":"Tarif-Le-R\u00eave-dElise-2018-FR-OK-1-60x60.jpg","width":60,"height":60,"mime_type":"image\/jpeg","source_url":"https:\/\/www.lerevedelise.be\/wp-content\/uploads\/2016\/12\/Tarif-Le-R\u00eave-dElise-2018-FR-OK-1-60x60.jpg"},"themo_featured":{"file":"Tarif-Le-R\u00eave-dElise-2018-FR-OK-1-424x290.jpg","width":424,"height":290,"mime_type":"image\/jpeg","source_url":"https:\/\/www.lerevedelise.be\/wp-content\/uploads\/2016\/12\/Tarif-Le-R\u00eave-dElise-2018-FR-OK-1-424x290.jpg"},"themo_blog_masonry":{"file":"Tarif-Le-R\u00eave-dElise-2018-FR-OK-1-360x509.jpg","width":360,"height":509,"mime_type":"image\/jpeg","source_url":"https:\/\/www.lerevedelise.be\/wp-content\/uploads\/2016\/12\/Tarif-Le-R\u00eave-dElise-2018-FR-OK-1-360x509.jpg"},"themo_rooms_standard":{"file":"Tarif-Le-R\u00eave-dElise-2018-FR-OK-1-380x380.jpg","width":380,"height":380,"mime_type":"image\/jpeg","source_url":"https:\/\/www.lerevedelise.be\/wp-content\/uploads\/2016\/12\/Tarif-Le-R\u00eave-dElise-2018-FR-OK-1-380x380.jpg"},"full":{"file":"Tarif-Le-R\u00eave-dElise-2018-FR-OK-1.jpg","width":424,"height":600,"mime_type":"image\/jpeg","source_url":"https:\/\/www.lerevedelise.be\/wp-content\/uploads\/2016\/12\/Tarif-Le-R\u00eave-dElise-2018-FR-OK-1.jpg"}},"image_meta":{"aperture":"0","credit":"","camera":"","caption":"","created_timestamp":"0","copyright":"","focal_length":"0","iso":"0","shutter_speed":"0","title":"","orientation":"0","keywords":[]}},"post":2030,"source_url":"https:\/\/www.lerevedelise.be\/wp-content\/uploads\/2016\/12\/Tarif-Le-R\u00eave-dElise-2018-FR-OK-1.jpg","_links":{"self":[{"href":"https:\/\/www.lerevedelise.be\/en\/wp-json\/wp\/v2\/media\/2354","targetHints":{"allow":["GET"]}}],"collection":[{"href":"https:\/\/www.lerevedelise.be\/en\/wp-json\/wp\/v2\/media"}],"about":[{"href":"https:\/\/www.lerevedelise.be\/en\/wp-json\/wp\/v2\/types\/attachment"}],"author":[{"embeddable":true,"href":"https:\/\/www.lerevedelise.be\/en\/wp-json\/wp\/v2\/users\/1"}],"replies":[{"embeddable":true,"href":"https:\/\/www.lerevedelise.be\/en\/wp-json\/wp\/v2\/comments?post=2354"}],"wp:attached-to":[{"embeddable":true,"post_type":"page","id":2030,"href":"https:\/\/www.lerevedelise.be\/en\/wp-json\/wp\/v2\/pages\/2030"}],"curies":[{"name":"wp","href":"https:\/\/api.w.org\/{rel}","templated":true}]}}

http://lerevedeja.cluster020.hosting.ovh.net/wp-content/uploads/2016/12/Tarif-Le-Rêve-dElise-2018-FR-OK-1.jpg

Tarif-Le-Rêve-d&#8217;Elise-2018-FR-OK-1

<!-- This site is optimized with the Yoast SEO plugin v27.3 - https://yoast.com/product/yoast-seo-wordpress/ -->
<title>Tarif-Le-Rêve-d&#039;Elise-2018-FR-OK-1 - Le Rêve d&#039;Élise</title>
<meta name="robots" content="index, follow, max-snippet:-1, max-image-preview:large, max-video-preview:-1" />
<link rel="canonical" href="https://www.lerevedelise.be/wp-content/uploads/2016/12/Tarif-Le-Rêve-dElise-2018-FR-OK-1.jpg" />
<meta property="og:locale" content="en_US" />
<meta property="og:type" content="article" />
<meta property="og:title" content="Tarif-Le-Rêve-d&#039;Elise-2018-FR-OK-1 - Le Rêve d&#039;Élise" />
<meta property="og:url" content="https://www.lerevedelise.be/wp-content/uploads/2016/12/Tarif-Le-Rêve-dElise-2018-FR-OK-1.jpg" />
<meta property="og:site_name" content="Le Rêve d&#039;Élise" />
<meta property="article:publisher" content="https://www.facebook.com/LeReveDElise/" />
<meta property="og:image" content="https://www.lerevedelise.be/wp-content/uploads/2016/12/Tarif-Le-Rêve-dElise-2018-FR-OK-1.jpg" />
	<meta property="og:image:width" content="424" />
	<meta property="og:image:height" content="600" />
	<meta property="og:image:type" content="image/jpeg" />
<meta name="twitter:card" content="summary_large_image" />
<script type="application/ld+json" class="yoast-schema-graph">{"@context":"https:\/\/schema.org","@graph":[{"@type":"WebPage","@id":"https:\/\/www.lerevedelise.be\/wp-content\/uploads\/2016\/12\/Tarif-Le-Rêve-dElise-2018-FR-OK-1.jpg","url":"https:\/\/www.lerevedelise.be\/wp-content\/uploads\/2016\/12\/Tarif-Le-Rêve-dElise-2018-FR-OK-1.jpg","name":"Tarif-Le-Rêve-d'Elise-2018-FR-OK-1 - Le Rêve d&#039;Élise","isPartOf":{"@id":"https:\/\/www.lerevedelise.be\/#website"},"datePublished":"2017-01-06T08:42:46+00:00","breadcrumb":{"@id":"https:\/\/www.lerevedelise.be\/wp-content\/uploads\/2016\/12\/Tarif-Le-Rêve-dElise-2018-FR-OK-1.jpg#breadcrumb"},"inLanguage":"en-US","potentialAction":[{"@type":"ReadAction","target":["https:\/\/www.lerevedelise.be\/wp-content\/uploads\/2016\/12\/Tarif-Le-Rêve-dElise-2018-FR-OK-1.jpg"]}]},{"@type":"BreadcrumbList","@id":"https:\/\/www.lerevedelise.be\/wp-content\/uploads\/2016\/12\/Tarif-Le-Rêve-dElise-2018-FR-OK-1.jpg#breadcrumb","itemListElement":[{"@type":"ListItem","position":1,"name":"Accueil","item":"https:\/\/www.lerevedelise.be\/en\/"},{"@type":"ListItem","position":2,"name":"Pricing","item":"https:\/\/www.lerevedelise.be\/en\/pricing\/"},{"@type":"ListItem","position":3,"name":"Tarif-Le-Rêve-d&rsquo;Elise-2018-FR-OK-1"}]},{"@type":"WebSite","@id":"https:\/\/www.lerevedelise.be\/#website","url":"https:\/\/www.lerevedelise.be\/","name":"Le Rêve d&#039;Élise","description":"Maison de vacances en Ardennes pour 10 à 12 personnes","potentialAction":[{"@type":"SearchAction","target":{"@type":"EntryPoint","urlTemplate":"https:\/\/www.lerevedelise.be\/?s={search_term_string}"},"query-input":{"@type":"PropertyValueSpecification","valueRequired":true,"valueName":"search_term_string"}}],"inLanguage":"en-US"}]}</script>
<!-- / Yoast SEO plugin. -->

Tarif-Le-Rêve-d'Elise-2018-FR-OK-1 - Le Rêve d&#039;Élise

https://www.lerevedelise.be/wp-content/uploads/2016/12/Tarif-Le-Rêve-dElise-2018-FR-OK-1.jpg

Le Rêve d&#039;Élise

https://www.lerevedelise.be/wp-content/uploads/2016/12/Tarif-Le-Rêve-dElise-2018-FR-OK-1.jpg#breadcrumb

Tarif-Le-Rêve-d&rsquo;Elise-2018-FR-OK-1

Maison de vacances en Ardennes pour 10 à 12 personnes

<a data-toggle="lightbox" data-gallery="multiimages" data-title=""  class="thumbnail img-thumbnail" href='https://www.lerevedelise.be/wp-content/uploads/2016/12/Tarif-Le-Rêve-dElise-2018-FR-OK-1.jpg'><img loading="lazy" decoding="async" width="424" height="600" src="https://www.lerevedelise.be/wp-content/uploads/2016/12/Tarif-Le-Rêve-dElise-2018-FR-OK-1.jpg" class="attachment-themo_full_width size-themo_full_width" alt="" srcset="https://www.lerevedelise.be/wp-content/uploads/2016/12/Tarif-Le-Rêve-dElise-2018-FR-OK-1.jpg 424w, https://www.lerevedelise.be/wp-content/uploads/2016/12/Tarif-Le-Rêve-dElise-2018-FR-OK-1-212x300.jpg 212w, https://www.lerevedelise.be/wp-content/uploads/2016/12/Tarif-Le-Rêve-dElise-2018-FR-OK-1-113x160.jpg 113w, https://www.lerevedelise.be/wp-content/uploads/2016/12/Tarif-Le-Rêve-dElise-2018-FR-OK-1-255x361.jpg 255w, https://www.lerevedelise.be/wp-content/uploads/2016/12/Tarif-Le-Rêve-dElise-2018-FR-OK-1-57x80.jpg 57w, https://www.lerevedelise.be/wp-content/uploads/2016/12/Tarif-Le-Rêve-dElise-2018-FR-OK-1-28x40.jpg 28w, https://www.lerevedelise.be/wp-content/uploads/2016/12/Tarif-Le-Rêve-dElise-2018-FR-OK-1-360x509.jpg 360w" sizes="auto, (max-width: 424px) 100vw, 424px" /></a>

2016/12/Tarif-Le-Rêve-dElise-2018-FR-OK-1.jpg

Tarif-Le-Rêve-dElise-2018-FR-OK-1-150x150.jpg

https://www.lerevedelise.be/wp-content/uploads/2016/12/Tarif-Le-Rêve-dElise-2018-FR-OK-1-150x150.jpg

Tarif-Le-Rêve-dElise-2018-FR-OK-1-212x300.jpg

https://www.lerevedelise.be/wp-content/uploads/2016/12/Tarif-Le-Rêve-dElise-2018-FR-OK-1-212x300.jpg

Tarif-Le-Rêve-dElise-2018-FR-OK-1-113x160.jpg

https://www.lerevedelise.be/wp-content/uploads/2016/12/Tarif-Le-Rêve-dElise-2018-FR-OK-1-113x160.jpg

Tarif-Le-Rêve-dElise-2018-FR-OK-1-255x170.jpg

https://www.lerevedelise.be/wp-content/uploads/2016/12/Tarif-Le-Rêve-dElise-2018-FR-OK-1-255x170.jpg

Tarif-Le-Rêve-dElise-2018-FR-OK-1-255x361.jpg

https://www.lerevedelise.be/wp-content/uploads/2016/12/Tarif-Le-Rêve-dElise-2018-FR-OK-1-255x361.jpg

Tarif-Le-Rêve-dElise-2018-FR-OK-1-57x80.jpg

https://www.lerevedelise.be/wp-content/uploads/2016/12/Tarif-Le-Rêve-dElise-2018-FR-OK-1-57x80.jpg

Tarif-Le-Rêve-dElise-2018-FR-OK-1-28x40.jpg

https://www.lerevedelise.be/wp-content/uploads/2016/12/Tarif-Le-Rêve-dElise-2018-FR-OK-1-28x40.jpg

Tarif-Le-Rêve-dElise-2018-FR-OK-1-60x60.jpg

https://www.lerevedelise.be/wp-content/uploads/2016/12/Tarif-Le-Rêve-dElise-2018-FR-OK-1-60x60.jpg

Tarif-Le-Rêve-dElise-2018-FR-OK-1-424x290.jpg

https://www.lerevedelise.be/wp-content/uploads/2016/12/Tarif-Le-Rêve-dElise-2018-FR-OK-1-424x290.jpg

Tarif-Le-Rêve-dElise-2018-FR-OK-1-360x509.jpg

https://www.lerevedelise.be/wp-content/uploads/2016/12/Tarif-Le-Rêve-dElise-2018-FR-OK-1-360x509.jpg

Tarif-Le-Rêve-dElise-2018-FR-OK-1-380x380.jpg

https://www.lerevedelise.be/wp-content/uploads/2016/12/Tarif-Le-Rêve-dElise-2018-FR-OK-1-380x380.jpg

Tarif-Le-Rêve-dElise-2018-FR-OK-1.jpg
